{"id":14,"date":"2022-01-11T19:45:12","date_gmt":"2022-01-11T19:45:12","guid":{"rendered":"https:\/\/firmakosztbud.pl\/?page_id=14"},"modified":"2022-02-16T18:41:33","modified_gmt":"2022-02-16T18:41:33","slug":"strona-glowna","status":"publish","type":"page","link":"https:\/\/firmakosztbud.pl\/","title":{"rendered":""},"content":{"rendered":"\n<p>Firma Kosztbud Jan Ciszewski dzia\u0142a na rynku krajowym od 1993 roku przede wszystkim <br>w zakresie bran\u017cy sanitarnej (ciep\u0142ownictwo, ogrzewnictwo, wentylacja, ch\u0142odnictwo,<br>gazownictwo i wod-kan), a w razie konieczno\u015bci r\u00f3wnie\u017c w zakresie wielobran\u017cowym (bran\u017ca konstrukcyjna, og\u00f3lnobudowlana, elektryczna, teletechniczna, drogowa, ogrodnicza).<\/p>\n\n\n\n<p>Zajmuje si\u0119 wykonywaniem ekspertyz i opinii technicznych, przegl\u0105d\u00f3w budowlanych, <br>pe\u0142nieniem nadzor\u00f3w inwestorskich, inwestorstwem zast\u0119pczym oraz projektowaniem <br>i kosztorysowaniem.<\/p>\n\n\n\n<p>Ma na swoim koncie oko\u0142o 460 wykonanych zlece\u0144.<\/p>\n\n\n\n<p>Zatrudnia wysokiej klasy specjalist\u00f3w z do\u015bwiadczeniem naukowym i praktycznym.<\/p>\n\n\n\n<p>Nasi klienci to firmy deweloperskie, zak\u0142ady produkcyjne, wsp\u00f3lnoty mieszkaniowe <br>oraz inwestorzy prywatni.<\/p>\n\n\n\n<p>Realizujemy zlecenia na terenie wojew\u00f3dztwa mazowieckiego oraz opcjonalnie na terenie <br>ca\u0142ego kraju.<\/p>\n","protected":false},"excerpt":{"rendered":"<p>Firma Kosztbud Jan Ciszewski dzia\u0142a na rynku krajowym od 1993 roku przede wszystkim w zakresie bran\u017cy sanitarnej (ciep\u0142ownictwo, ogrzewnictwo, wentylacja, ch\u0142odnictwo,gazownictwo i wod-kan), a w razie konieczno\u015bci r\u00f3wnie\u017c w zakresie wielobran\u017cowym (bran\u017ca konstrukcyjna, og\u00f3lnobudowlana, elektryczna, teletechniczna, drogowa, ogrodnicza). Zajmuje si\u0119 wykonywaniem ekspertyz i opinii technicznych, przegl\u0105d\u00f3w budowlanych, pe\u0142nieniem nadzor\u00f3w inwestorskich, inwestorstwem zast\u0119pczym oraz projektowaniem i [&hellip;]<\/p>\n","protected":false},"author":1,"featured_media":0,"parent":0,"menu_order":0,"comment_status":"closed","ping_status":"closed","template":"","meta":[],"_links":{"self":[{"href":"https:\/\/firmakosztbud.pl\/index.php\/wp-json\/wp\/v2\/pages\/14"}],"collection":[{"href":"https:\/\/firmakosztbud.pl\/index.php\/wp-json\/wp\/v2\/pages"}],"about":[{"href":"https:\/\/firmakosztbud.pl\/index.php\/wp-json\/wp\/v2\/types\/page"}],"author":[{"embeddable":true,"href":"https:\/\/firmakosztbud.pl\/index.php\/wp-json\/wp\/v2\/users\/1"}],"replies":[{"embeddable":true,"href":"https:\/\/firmakosztbud.pl\/index.php\/wp-json\/wp\/v2\/comments?post=14"}],"version-history":[{"count":16,"href":"https:\/\/firmakosztbud.pl\/index.php\/wp-json\/wp\/v2\/pages\/14\/revisions"}],"predecessor-version":[{"id":133,"href":"https:\/\/firmakosztbud.pl\/index.php\/wp-json\/wp\/v2\/pages\/14\/revisions\/133"}],"wp:attachment":[{"href":"https:\/\/firmakosztbud.pl\/index.php\/wp-json\/wp\/v2\/media?parent=14"}],"curies":[{"name":"wp","href":"https:\/\/api.w.org\/{rel}","templated":true}]}}