{"id":18,"date":"2022-01-11T19:45:13","date_gmt":"2022-01-11T19:45:13","guid":{"rendered":"https:\/\/firmakosztbud.pl\/?page_id=18"},"modified":"2022-01-31T12:15:22","modified_gmt":"2022-01-31T12:15:22","slug":"doswiadczenie","status":"publish","type":"page","link":"https:\/\/firmakosztbud.pl\/index.php\/doswiadczenie\/","title":{"rendered":"Do\u015bwiadczenie"},"content":{"rendered":"\n<p>W trakcie prawie 30 lat dzia\u0142ania na rynku Firma Kosztbud Jan Ciszewski zrealizowa\u0142a oko\u0142o 460 r\u00f3\u017cnych zlece\u0144 w zakresie bran\u017cy sanitarnej oraz wielobran\u017cowych.<\/p>\n\n\n\n<p class=\"has-blue-color has-text-color\"><strong>Nadzory inwestorskie<\/strong><\/p>\n\n\n\n<ul><li>McCormick Polska S.A., dawny Kamis S.A.<\/li><li>FritoLay Poland Sp. z o.o.<\/li><li>Szko\u0142a G\u0142\u00f3wna S\u0142u\u017cby Po\u017carniczej w Warszawie<\/li><li>PKP Cargo S.A. Centralny Zak\u0142ad Sp\u00f3\u0142ki<\/li><li>Przemys\u0142owe Centrum Optyki S.A.<\/li><li>Miasto Z\u0105bki<\/li><li>Szpital Praski p.w. Przemienienia Pa\u0144skiego S.A.<\/li><li>Szybka Kolej Miejska Sp. z o.o.<\/li><li>Polskie Radio S.A.<\/li><li>Miejskie Przedsi\u0119biorstwo Us\u0142ug Komunalnych Sp. z o.o.<\/li><li>JOWA Byrska Posmyk<\/li><li>Wsp\u00f3lnota Mieszkaniowa \u201eK\u0119pa Potocka\u201d w Warszawie<\/li><li>RENOVO Sp. z o.o.<\/li><li>Tarchomi\u0144skie Zak\u0142ady Farmaceutyczne POLFA S.A.<\/li><li>DIGESTA Sp. z o.o.<\/li><li>Jarczy\u0144ski ART Group<\/li><li>Jarczy\u0144ski i Wsp\u00f3lnicy S.C.<\/li><li>BUMAR \u017bO\u0141NIERZ S.A.<\/li><li>Reckitt Benckiser Production Polska Sp. z o.o.<\/li><li>PLAC BANKOWY 1 Sp. z o.o.<\/li><li>Instytut Fizjologii i Patologii S\u0142uchu<\/li><li>BR TEXO Sp. z o.o.<\/li><li>ARPLAN Biuro Projektowe Piotr Klimkiewicz<\/li><li>Bemowskie Centrum Kultury<\/li><li>Stowarzyszenie Polskich Rzeczoznawc\u00f3w Budowlanych<\/li><\/ul>\n\n\n\n<p class=\"has-blue-color has-text-color\"><strong>Przegl\u0105dy techniczne<\/strong><\/p>\n\n\n\n<ul><li>McCormick Polska S.A., dawny Kamis S.A.<\/li><li>Zak\u0142ad Konfekcjonowania Wyrob\u00f3w Gotowych Quartz S.A.<\/li><li>Szybka Kolej Miejska Sp. z o.o.<\/li><li>Sp\u00f3\u0142dzielnia Budowlano- Mieszkaniowa In\u017cynier\u00f3w By\u0142ego Ministerstwa Kolei \u017belaznych<br>w Warszawie<\/li><li>Polmos \u017byrard\u00f3w Sp. z o.o.<\/li><li>Polskie Linie Lotnicze LOT S.A.<\/li><li>JOWA Byrska Posmyk<\/li><\/ul>\n\n\n\n<p class=\"has-blue-color has-text-color\"><strong>Ekspertyzy techniczne<\/strong><\/p>\n\n\n\n<ul><li>PKP Cargo S.A. Centralny Zak\u0142ad Sp\u00f3\u0142ki<\/li><li>Korporacja Radex S.A.<\/li><li>McCormick Polska S.A., dawny Kamis S.A.<\/li><li>Zak\u0142ad Konfekcjonowania Wyrob\u00f3w Gotowych Quartz S.A.<\/li><li>Kamienica Kluczbork Poczta Sp. jawna<\/li><li>METAMORFOSIS Praktyka Lekarska Artur Broma Sp. j.<\/li><li>DIGESTA Sp. z o.o.<\/li><li>Jarczy\u0144ski ART Group<\/li><li>Jarczy\u0144ski i Wsp\u00f3lnicy S.C.<\/li><li>BR TEXO Sp. z o.o.<\/li><li>Wyl\u0119garnia i ferma drobiu w Hucie J\u00f3zef\u00f3w ko\u0142o Kra\u015bnika<\/li><li>Bemowskie Centrum Kultury<\/li><li>Stowarzyszenie Polskich Rzeczoznawc\u00f3w Budowlanych<\/li><\/ul>\n\n\n\n<p class=\"has-blue-color has-text-color\"><strong>Opinie techniczne<\/strong><\/p>\n\n\n\n<ul><li>Korporacja Radex S.A.<\/li><li>Urz\u0105d Dzielnicy Bemowo m. st. Warszawy<\/li><li>DIGESTA Sp. z o.o.<\/li><li>Jarczy\u0144ski ART Group<\/li><li>Jarczy\u0144ski i Wsp\u00f3lnicy S.C.<\/li><li>BR TEXO Sp. z o.o.<\/li><li>Bemowskie Centrum Kultury<\/li><\/ul>\n\n\n\n<p class=\"has-blue-color has-text-color\"><strong>Kosztorysy inwestorskie, \u201e\u015blepe\u201d, wykonawcze<\/strong><\/p>\n\n\n\n<ul><li>Szko\u0142a G\u0142\u00f3wna S\u0142u\u017cby Po\u017carniczej w Warszawie<\/li><li>Miejskie Przedsi\u0119biorstwo Us\u0142ug Komunalnych Sp. z o.o.<\/li><li>Bemowskie Centrum Kultury<\/li><\/ul>\n\n\n\n<p><\/p>\n\n\n\n<p class=\"has-blue-color has-text-color\"><strong>Inwestorstwo zast\u0119pcze<\/strong><\/p>\n\n\n\n<ul><li>Przemys\u0142owe Centrum Optyki S.A.<\/li><\/ul>\n\n\n\n<p><\/p>\n\n\n\n<p class=\"has-blue-color has-text-color\"><strong>Projektowanie<\/strong><\/p>\n\n\n\n<ul><li>Miejskie Przedsi\u0119biorstwo Us\u0142ug Komunalnych Sp. z o.o.<\/li><\/ul>\n\n\n\n<p><\/p>\n\n\n\n<p class=\"has-blue-color has-text-color\"><strong>Doradztwo i konsultacje techniczne<\/strong><\/p>\n\n\n\n<ul><li>BR TEXO Sp. z o.o.<\/li><\/ul>\n\n\n\n<p><\/p>\n\n\n\n<p>\u2026oraz wiele innych w r\u00f3\u017cnych miejscach w kraju.<\/p>\n","protected":false},"excerpt":{"rendered":"<p>W trakcie prawie 30 lat dzia\u0142ania na rynku Firma Kosztbud Jan Ciszewski zrealizowa\u0142a oko\u0142o 460 r\u00f3\u017cnych zlece\u0144 w zakresie bran\u017cy sanitarnej oraz wielobran\u017cowych. Nadzory inwestorskie McCormick Polska S.A., dawny Kamis S.A. FritoLay Poland Sp. z o.o. Szko\u0142a G\u0142\u00f3wna S\u0142u\u017cby Po\u017carniczej w Warszawie PKP Cargo S.A. Centralny Zak\u0142ad Sp\u00f3\u0142ki Przemys\u0142owe Centrum Optyki S.A. Miasto Z\u0105bki Szpital [&hellip;]<\/p>\n","protected":false},"author":1,"featured_media":0,"parent":0,"menu_order":0,"comment_status":"closed","ping_status":"closed","template":"","meta":[],"_links":{"self":[{"href":"https:\/\/firmakosztbud.pl\/index.php\/wp-json\/wp\/v2\/pages\/18"}],"collection":[{"href":"https:\/\/firmakosztbud.pl\/index.php\/wp-json\/wp\/v2\/pages"}],"about":[{"href":"https:\/\/firmakosztbud.pl\/index.php\/wp-json\/wp\/v2\/types\/page"}],"author":[{"embeddable":true,"href":"https:\/\/firmakosztbud.pl\/index.php\/wp-json\/wp\/v2\/users\/1"}],"replies":[{"embeddable":true,"href":"https:\/\/firmakosztbud.pl\/index.php\/wp-json\/wp\/v2\/comments?post=18"}],"version-history":[{"count":12,"href":"https:\/\/firmakosztbud.pl\/index.php\/wp-json\/wp\/v2\/pages\/18\/revisions"}],"predecessor-version":[{"id":131,"href":"https:\/\/firmakosztbud.pl\/index.php\/wp-json\/wp\/v2\/pages\/18\/revisions\/131"}],"wp:attachment":[{"href":"https:\/\/firmakosztbud.pl\/index.php\/wp-json\/wp\/v2\/media?parent=18"}],"curies":[{"name":"wp","href":"https:\/\/api.w.org\/{rel}","templated":true}]}}