{"id":47,"date":"2022-01-12T19:35:57","date_gmt":"2022-01-12T19:35:57","guid":{"rendered":"http:\/\/firmakosztbud.pl\/?page_id=47"},"modified":"2022-01-31T12:16:37","modified_gmt":"2022-01-31T12:16:37","slug":"zakres-dzialalnosci","status":"publish","type":"page","link":"https:\/\/firmakosztbud.pl\/index.php\/zakres-dzialalnosci\/","title":{"rendered":"Zakres dzia\u0142alno\u015bci"},"content":{"rendered":"\n<ul><li>nadzory inwestorskie inwestycji, modernizacji i remont\u00f3w dla budynk\u00f3w i budowli zgodnie z art. 19 ustawy Prawo budowlane z dnia 7 lipca 1994r. z p\u00f3\u017an. zmianami<\/li><li>przegl\u0105dy okresowe techniczne budynk\u00f3w i budowli zgodnie z art. 62 ustawy <br>Prawo budowlane z dnia 7 lipca 1994r. z p\u00f3\u017an. zmianami wraz z przedstawieniem <br>ewentualnych nieprawid\u0142owo\u015bci i sposobu ich likwidacji<\/li><li>ekspertyzy techniczne<\/li><li>opinie techniczne<\/li><li>kosztorysy inwestorskie, \u201e\u015blepe\u201d oraz wykonawcze<\/li><li>prowadzenie inwestorstwa zast\u0119pczego w imieniu Inwestora dla budynk\u00f3w i budowli<\/li><li>projekty techniczne budowlane i wykonawcze<\/li><li>doradztwo i konsultacje techniczne<\/li><\/ul>\n","protected":false},"excerpt":{"rendered":"<p>nadzory inwestorskie inwestycji, modernizacji i remont\u00f3w dla budynk\u00f3w i budowli zgodnie z art. 19 ustawy Prawo budowlane z dnia 7 lipca 1994r. z p\u00f3\u017an. zmianami przegl\u0105dy okresowe techniczne budynk\u00f3w i budowli zgodnie z art. 62 ustawy Prawo budowlane z dnia 7 lipca 1994r. z p\u00f3\u017an. zmianami wraz z przedstawieniem ewentualnych nieprawid\u0142owo\u015bci i sposobu ich likwidacji [&hellip;]<\/p>\n","protected":false},"author":1,"featured_media":0,"parent":0,"menu_order":0,"comment_status":"closed","ping_status":"closed","template":"","meta":[],"_links":{"self":[{"href":"https:\/\/firmakosztbud.pl\/index.php\/wp-json\/wp\/v2\/pages\/47"}],"collection":[{"href":"https:\/\/firmakosztbud.pl\/index.php\/wp-json\/wp\/v2\/pages"}],"about":[{"href":"https:\/\/firmakosztbud.pl\/index.php\/wp-json\/wp\/v2\/types\/page"}],"author":[{"embeddable":true,"href":"https:\/\/firmakosztbud.pl\/index.php\/wp-json\/wp\/v2\/users\/1"}],"replies":[{"embeddable":true,"href":"https:\/\/firmakosztbud.pl\/index.php\/wp-json\/wp\/v2\/comments?post=47"}],"version-history":[{"count":4,"href":"https:\/\/firmakosztbud.pl\/index.php\/wp-json\/wp\/v2\/pages\/47\/revisions"}],"predecessor-version":[{"id":132,"href":"https:\/\/firmakosztbud.pl\/index.php\/wp-json\/wp\/v2\/pages\/47\/revisions\/132"}],"wp:attachment":[{"href":"https:\/\/firmakosztbud.pl\/index.php\/wp-json\/wp\/v2\/media?parent=47"}],"curies":[{"name":"wp","href":"https:\/\/api.w.org\/{rel}","templated":true}]}}